= -9 + a. What are the prime factors of 86/6 - j/3?
3, 5
Let r(c) = c**3 - 8*c**2 - 2*c + 11. What are the prime factors of r(9)?
2, 37
Let g(u) = 3*u + 5. Let p be g(5). Suppose -5*a + p = -j, -2*a = -0*a - 10. Suppose 0 = j*r - 3*r - 6. List the prime factors of r.
3
Let z = 8 + 31. Suppose 2*f - 37 = z. List the prime factors of f.
2, 19
Let f(n) = 22*n**2. Suppose -2*o + 3*j = 13, j + 22 = 2*o + 5*j. List the prime factors of f(o).
2, 11
Suppose 36 = -4*z - 84. List the prime factors of 24/(-18)*z/4.
2, 5
Let m = 43 - 16. List the prime factors of m.
3
Suppose -4*l = -0*l - 60. Let u = l - 11. Suppose 3*t = -u + 37. What are the prime factors of t?
11
Let l(m) = 4 + 2*m**2 + 8*m - 1 + 0*m. What are the prime factors of l(-5)?
13
Let v(k) = k**2 - 4. Let t(l) = l - 14. Let m be t(10). List the prime factors of v(m).
2, 3
What are the prime factors of ((-1)/3*-7)/(4/12)?
7
Let j(q) = 90*q**2 - 9*q + 15. List the prime factors of j(2).
3, 7, 17
Let h(o) = 3*o**3 - o**2 + 2*o - 2. Let w(l) = 7*l**3 + 5*l + 4 - 4 - 5 + 2 - 2*l**2. Let x(a) = -5*h(a) + 2*w(a). List the prime factors of x(0).
2
List the prime factors of (-317)/(-2) + (-33)/(-66).
3, 53
Suppose -4*c = 5*l - 15, -4*c - 3*l = -2 - 7. Suppose 108 = -c*m - 5*m - t, 30 = -m - 3*t. List the prime factors of ((-3)/9)/(1/m).
7
Let w be (-10)/(-35) + (-68)/(-7). Suppose 5*n + w = -3*p, -4 = -2*n - 14. List the prime factors of p.
5
Suppose 0 = -4*g - 198 + 682. What are the prime factors of g?
11
Suppose 0*r - 20 = -4*r. Suppose 0 = -l - 0*o + o + 27, r*l + 3*o - 111 = 0. Let q = l + -12. What are the prime factors of q?
2, 3
Let u = -44 + 140. What are the prime factors of u?
2, 3
Suppose -5*o = 2*y - 38, -41 = -5*y + o - 0*o. Suppose 5*s - 41 = -5*z + y, 5*z - 42 = -3*s. List the prime factors of z.
2, 3
Let m = 8 - 3. Let y = m - -1. What are the prime factors of y?
2, 3
Let c = -10 + 5. Let k be (12/(-10))/(2/c). Suppose 2*r = 2*h + 6*r - 10, 0 = 3*h - k*r - 15. List the prime factors of h.
5
Suppose 5*d = 33 + 27. Suppose 0 = 2*n - 78 + d. List the prime factors of n.
3, 11
Let x(t) = -11*t - 17. Let o(d) = -16*d - 25. Let f(z) = -5*o(z) + 8*x(z). List the prime factors of f(-5).
29
Let k(w) = -w**3 - 4*w**2 + 6*w - 6. What are the prime factors of k(-7)?
3, 11
Let n = -42 + 77. Suppose 0 = 3*r + 5*o - 37, -o = -3*r - 5*o + n. What are the prime factors of r?
3
Let s(w) = -2*w**3 - 25*w**2 - 17*w - 5. Let k(h) = -h**3 - 12*h**2 - 8*h - 2. Let t(z) = -7*k(z) + 3*s(z). What are the prime factors of t(-8)?
23
Let m = -38 - -53. List the prime factors of m.
3, 5
Suppose 2*l + 4*i + i - 84 = 0, -l - 3*i + 43 = 0. List the prime factors of l.
37
Let w(s) = s**2 + 11*s + 12. Let z be w(-9). Let u = z + 19. What are the prime factors of u?
13
Suppose -o = 3*o + 4*a - 12, -4*o + 3*a - 9 = 0. Suppose 3*w = -5*b + 85, w + o*w - 2*b = 10. List the prime factors of w.
2, 5
Let g = -6 + 10. Suppose g*a + 60 = q, -3*q + 3*a = -210 + 57. List the prime factors of q.
2, 3
Let q = 129 + -55. What are the prime factors of q?
2, 37
Let b(a) = 42*a**2 - 5*a + 4. Let c be b(2). List the prime factors of c/(-45)*(-10)/6.
2, 3
Let d(r) = -4*r**2 - 3*r + 2. Let w(c) = -7*c**2 - 6*c + 3. Let v(a) = 5*d(a) - 3*w(a). List the prime factors of v(-6).
19
Let u = 30 + -11. Let c = 10 - u. List the prime factors of -1 - 0 - c*1.
2
Let v be (-141)/(-6) - (-3)/6. Suppose -2*n + 41 = 3*w, w + w = 2*n + v. List the prime factors of w.
13
Let y(n) = n**2 - 4*n - 5. Let q be -2*3*(-3 - -2). What are the prime factors of y(q)?
7
Let g(b) = -b**3 - 5*b**2 - 2*b + 4. Let i(s) = -s**2 + 4*s. Let r be i(5). What are the prime factors of g(r)?
2, 7
Let n = 9 - 9. Suppose n = -5*p + 174 - 49. List the prime factors of p.
5
Suppose -29 + 97 = 4*u + 4*n, -4 = -n. Let t = -8 + u. List the prime factors of t.
5
Suppose -4*d + 292 = -1148. List the prime factors of d.
2, 3, 5
Suppose 3*t + 0*f + 4*f = -23, t - 4*f = -13. Let h = -2 + t. Let r = h + 15. List the prime factors of r.
2
Let w(u) = -16*u**3 - 3*u**2 - 3*u - 4. What are the prime factors of w(-2)?
2, 59
Let o be 3 - (-2 - -6)/4. Suppose 2*p = -3*t + 18, -2*p + 5*t + 80 = o*p. What are the prime factors of p?
3, 5
Let m be (-6)/30 + (-51)/(-5). Suppose -2*u + 8 = d, -4*d + 10 + m = 5*u. List the prime factors of u.
2
Suppose 2*z + 62 = -g, 2*g - 5*z - 184 = 5*g. Let u be (0 - 0) + -1 - g. Let m = -41 + u. What are the prime factors of m?
2
Let f be 0/(-2) - 3 - -6. Suppose -z = -f*z. Suppose -i + 12 = -z*i. What are the prime factors of i?
2, 3
Let t be (-1)/((-6)/(-3))*0. Suppose -2*d + 3 + 5 = t. Suppose 0*n + 2*n - 52 = -d*w, 4*n + 6 = 2*w. What are the prime factors of w?
11
Suppose 5*d = -7 - 23. What are the prime factors of (d + 4)/(2/(-9))?
3
Let s(l) = l**3 - 6*l**2 - 6*l - 7. Let d be s(7). Suppose -r - g = -21, 2*r + 2*r - g - 79 = d. What are the prime factors of r?
2, 5
Let d(q) = -q**2 - 8*q - 10. Let w be d(-7). Let p = w - -5. Suppose 0 = p*v - 30. List the prime factors of v.
3, 5
Let c(x) be the first derivative of -3*x**2/2 + 10*x - 6. List the prime factors of c(-8).
2, 17
Suppose 0 = -f - 7 + 2. Let x = 2 + f. What are the prime factors of ((-3)/3 - x) + 11?
13
Suppose -2*l + 3*h + 2 = 0, -2*l + 8 + 10 = 5*h. Let j = l + 4. List the prime factors of j.
2
Let l(k) = 10*k**3 - 2*k**2 + 2*k - 1. Let b be (3/3 - -1)/2. What are the prime factors of l(b)?
3
Let n = 38 + 113. List the prime factors of n.
151
Suppose -9*x + 14 + 13 = 0. Suppose -4*r - 1 = 3. Let a = x + r. What are the prime factors of a?
2
Let h(a) be the first derivative of a**4/4 - 10*a**3/3 + 11*a**2/2 - 7*a + 3. What are the prime factors of h(9)?
11
Let p(n) = n**3 - 13*n**2 + 3*n. Let x be p(13). Suppose -3*w + 0*w = -x. List the prime factors of w.
13
Let x = -11 - -3. Let h = 26 + x. What are the prime factors of h?
2, 3
Let b = 0 - -5. Suppose b*j - 61 = 2*w + 54, -4*w = j - 1. What are the prime factors of j?
3, 7
What are the prime factors of (-9174)/(-143) + 2/(-13)?
2
Suppose 9*m = 4*m + 85. Suppose -m = -3*c + 1. List the prime factors of c.
2, 3
Suppose -2*j - 8 = -4*j. Suppose j*t - t = -12, 0 = 3*i + t - 41. List the prime factors of i.
3, 5
Suppose 3*r + 5*l = 96, r + 5*l - 39 = 3. List the prime factors of r.
3
Let d = -17 - -22. List the prime factors of d.
5
Let u = 17 - 12. Suppose 2*g - w - 29 = 0, 5*g - u*w - 60 = -0*w. What are the prime factors of g?
17
Suppose 0 = -6*p + 9*p + 36. Let i = p - -23. What are the prime factors of i?
11
What are the prime factors of 3 + (-50)/18 - (-1562)/18?
3, 29
Suppose -2*d = 2*d + 4. What are the prime factors of -6*(1/d + 0)?
2, 3
Let m = 0 - -8. Let a = m + -13. Let n(o) = -o + 1. What are the prime factors of n(a)?
2, 3
Let s(c) = -c**2 - 10*c + 4. Let i be s(-10). Let w(f) = -5*f + 2 - 1 + i - f**2 - 1. List the prime factors of w(-3).
2, 5
Let r(m) = 2*m**2 - 2 - 6*m + 7 - m**2. Let z be r(6). Suppose -z*d = -4*i - i + 25, 3*d + 5 = 2*i. What are the prime factors of i?
2, 5
Let d = 190 + -88. List the prime factors of (-2)/5 - d/(-30).
3
Let p(r) = -3*r - 6. List the prime factors of p(-4).
2, 3
Let q(r) = -51*r + 5. List the prime factors of q(-3).
2, 79
Let u be 6*2/4 + 0. Let c be (-8)/2 + -8 + 14. Suppose 4*x - 1 = -3*l + 4, 0 = 2*l + u*x - c. What are the prime factors of l?
7
Let f(g) = -g + 7. Let o(c) = 8*c - 2*c**2 - 4*c - 5 + 3*c**2. Let x be o(-5). List the prime factors of f(x).
7
Let p be 32/(-6)*9/4. Let y(s) = 3 - s + 4*s - 4*s. List the prime factors of y(p).
3, 5
Suppose 0 = c - 2 - 10. List the prime factors of c.
2, 3
Let k = 172 + -134. List the prime factors of k.
2, 19
Let m = 109 - 61. Suppose -m = -k - 4. What are the prime factors of k?
2, 11
Suppose -20 = 3*l + 5*w, 4*l = 4*w - 0*w + 16. Suppose -4 = -l*j - 2*j. Suppose 0 = -5*u + 42 - j. List the prime factors of u.
2
Suppose a - 3*h = -h - 6, 3*a + 20 = 4*h. Let p = 6 - a. What are the prime factors of p?
2, 7
Let n = 755 + -427. What are the prime factors of n?
2, 41
Suppose -53*x + 152 = -49*x. List the prime factors of x.
2, 19
Suppose 0 = -3*s + s + 56. What are the prime factors of s?
2, 7
Suppose 3*d - 3*r - 297 = 0, -r = 2*d - 5*r - 198. List the prime factors of ((-5)/(-3))/(11/d).
3, 5
Suppose q = 6*q - 85. What are the prime factors 